ue
Is 44071 a prime number?
True
Is 8839543 a composite number?
False
Is 57716755 a prime number?
False
Is 79130885 a composite number?
True
Is 37892395 a composite number?
True
Is 27298571 prime?
True
Is 4883269 a prime number?
True
Is 20935087 a prime number?
True
Is 64017673 a prime number?
True
Is 12906401 a composite number?
True
Is 478391 prime?
True
Is 3611171 a composite number?
False
Is 3063413 a composite number?
True
Is 249942257 composite?
False
Is 7366033 a prime number?
True
Is 5448623 prime?
False
Is 452375593 prime?
False
Is 3744551 a composite number?
False
Is 9291251 a prime number?
True
Is 7751881 composite?
True
Is 1717681 prime?
False
Is 11422157 a prime number?
False
Is 19838551 a prime number?
True
Is 598363 prime?
True
Is 515401 a prime number?
True
Is 2295569 a prime number?
True
Is 162061441 a prime number?
True
Is 26420123 composite?
True
Is 74957341 a prime number?
False
Is 1179131413 a composite number?
False
Is 82862753 a prime number?
True
Is 1224473 prime?
True
Is 599423 prime?
False
Is 1818881 a composite number?
True
Is 10140049 a prime number?
False
Is 340134614 composite?
True
Is 8140723 a prime number?
False
Is 289877 a prime number?
False
Is 14013157 composite?
False
Is 27600647 a composite number?
False
Is 169508099 composite?
False
Is 9120131 prime?
False
Is 2466223 prime?
True
Is 208130107 a composite number?
False
Is 108179471 a composite number?
False
Is 95249647 a composite number?
True
Is 17654773 composite?
False
Is 747233 prime?
False
Is 649619 a composite number?
False
Is 279289117 composite?
False
Is 1421471 composite?
False
Is 6540067 a prime number?
True
Is 61319 composite?
True
Is 36493921 a composite number?
True
Is 2499751 prime?
True
Is 5198953 prime?
False
Is 11140903 a prime number?
True
Is 609068678 a prime number?
False
Is 3824827 a prime number?
True
Is 1358977 a composite number?
False
Is 6140521 a composite number?
False
Is 818823053 a prime number?
True
Is 590631095 composite?
True
Is 10823333 prime?
False
Is 11209123 a composite number?
False
Is 8391323 prime?
True
Is 17856581 a composite number?
True
Is 31324333 a prime number?
True
Is 26135489 composite?
True
Is 3865321 a composite number?
False
Is 6705649 a composite number?
False
Is 283669 composite?
False
Is 521009 a composite number?
False
Is 4580533 composite?
False
Is 6060947 prime?
False
Is 16116349 composite?
True
Is 1319915 a composite number?
True
Is 356149333 a prime number?
True
Is 1274619569 a prime number?
True
Is 50473211 composite?
False
Is 5189357 a prime number?
True
Is 1128839 a composite number?
True
Is 44189931 prime?
False
Is 43061873 prime?
False
Is 27345907 prime?
True
Is 7436653 a prime number?
False
Is 23912717 a prime number?
False
Is 2093939 a prime number?
False
Is 2402441 prime?
True
Is 1661965 prime?
False
Is 449561419 prime?
True
Is 4903237 a prime number?
True
Is 1703246 a composite number?
True
Is 9908935 prime?
False
Is 4373389 a prime number?
True
Is 6482407 prime?
True
Is 10108911 composite?
True
Is 1301942 composite?
True
Is 442291 prime?
True
Is 44406799 a composite number?
False
Is 15156451 composite?
True
Is 3881971 a composite number?
True
Is 4696823 a prime number?
True
Is 13886141 prime?
True
Is 435494539 prime?
True
Is 112768663 a prime number?
False
Is 42174455 prime?
False
Is 67535819 composite?
True
Is 144121453 a composite number?
True
Is 46047523 composite?
False
Is 148121 a composite number?
True
Is 8249471 a composite number?
True
Is 1621219 a composite number?
False
Is 697197101 prime?
True
Is 104631133 prime?
True
Is 701329 composite?
False
Is 571091 composite?
True
Is 52194203 composite?
False
Is 862856863 prime?
False
Is 59956639 prime?
True
Is 1455634891 composite?
False
Is 3911099 a prime number?
True
Is 4402487 a prime number?
False
Is 130868131 composite?
False
Is 18374173 prime?
False
Is 13910687 a prime number?
False
Is 22411877 a composite number?
False
Is 167309 prime?
True
Is 17535697 prime?
False
Is 498804227 a composite number?
False
Is 991761 a composite number?
True
Is 626239 a prime number?
True
Is 12749943 composite?
True
Is 104497 a prime number?
False
Is 371987611 a prime number?
False
Is 66437489 a composite number?
True
Is 1386443 prime?
True
Is 2261353 a prime number?
True
Is 2706817 a prime number?
True
Is 1536287 a prime number?
True
Is 11103343 a composite number?
False
Is 34753 composite?
True
Is 10476077 a composite number?
True
Is 3876491 composite?
False
Is 10147754 prime?
False
Is 3712243 a composite number?
True
Is 266375357 a composite number?
True
Is 150565 a composite number?
True
Is 23453753 prime?
True
Is 53671223 a prime number?
False
Is 22088641 composite?
False
Is 1524217 a composite number?
False
Is 2024291 a prime number?
False
Is 8585459 a prime number?
False
Is 1828849 a composite number?
True
Is 54083 a prime number?
True
Is 33291529 prime?
True
Is 822713 prime?
True
Is 28695617 prime?
True
Is 1228081 prime?
False
Is 67028389 a composite number?
True
Is 68426546 composite?
True
Is 3124015 composite?
True
Is 2601041 a composite number?
False
Is 30741973 prime?
True
Is 17100749 a prime number?
False
Is 4664549 a composite number?
True
Is 319045717 prime?
False
Is 222164297 a prime number?
True
Is 32907059 composite?
False
Is 5158334 composite?
True
Is 2470621 prime?
True
Is 2560487 composite?
False
Is 696149 prime?
True
Is 104011 composite?
True
Is 15175103 prime?
False
Is 87967151 composite?
True
Is 6113329 prime?
True
Is 459059071 a prime number?
True
Is 199013 composite?
True
Is 21603319 prime?
False
Is 98559287 a composite number?
False
Is 28440831 composite?
True
Is 782053 a composite number?
False
Is 17347487 composite?
True
Is 4700149 a composite number?
True
Is 10895107 a prime number?
True
Is 4750159 a prime number?
True
Is 13476787 a composite number?
True
Is 12292183 prime?
False
Is 504041 a prime number?
False
Is 2375797 a prime number?
True
Is 5901637 composite?
True
Is 5956257 composite?
True
Is 11525897 a composite number?
True
Is 7250511 prime?
False
Is 55027523 a composite number?
True
Is 9846379 a prime number?
False
Is 14709767 a prime number?
True
Is 498358699 a composite number?
False
Is 5837107 a composite number?
True
Is 14220667 a prime number?
True
Is 4636851 prime?
False
Is 79027513 prime?
False
Is 1217521 prime?
True
Is 17843726 a composite number?
True
Is 16806145 a composite number?
True
Is 190942009 composite?
True
Is 4734281 prime?
False
Is 482546461 a prime number?
False
Is 12130871 prime?
False
Is 244073 prime?
False
Is 5012503 a prime number?
False
Is 334199 prime?
True
Is 1133390509 a prime number?
False
Is 306800737 a composite number?
False
Is 3324665 a composite number?
True
Is 148603067 a composite number?
False
Is 68018435 composite?
True
Is 1591697 composite?
False
Is 114164069 composite?
True
Is 9983189 a prime number?
False
Is 66151343 a composite number?
True
Is 336739847 a prime number?
False
Is 15375991 composite?
False
Is 17801153 a composite number?
True
Is 160305659 a composite number?
False
Is 72738265 composite?
True
Is 15609729 composite?
True
Is 1571093 composite?
False
Is 11288665 composite?
True
Is 86550461 prime?
True
Is 12751 composite?
True
Is 43451 prime?
True
Is 785050459 a composite number?
False
Is 179953067 composite?
True
Is 60154153 composite?
False
Is 8117899 prime?
True
Is 65465693 a prime number?
True
Is 3808001 prime?
True
Is 937977599 prime?
False
Is 5559061 a prime number?
False
Is 492263 prime?
False
Is 5863909 composite?
True
Is 276807 composite?
True
Is 3267721 prime?
False
Is 20581933 a prime number?
False
Is 203553209 a composite number?
False
Is 205682111 composite?
False
Is 2514493 prime?
True
Is 85586981 prime?
True
Is 1023739 composite?
True
Is 3288611 prime?
True
Is 16493845 a prime number?
False
Is 122604331 composite?
False
Is 4410787 prime?
True
Is 511000319 a prime number?
True
Is 213302783 composite?
False
Is 1609871 composite?
False
Is 25422257 a prime number?
False
Is 2066399 a composite number?
False
Is 80838391 a composite number?
True
Is 6742037 a composite number?
False
Is 3405733 a prime number?
False
Is 150667291 a prime number?
True
Is 36251843 prime?
True
Is 12146559 prime?
False
Is 1546109 a prime number?
False
Is 7918367 composite?
F